-8
Let b(h) = 95*h**3 + 5*h - 6. What is b(1)?
94
Let f(w) = w**3 + 56*w**2 + 60*w + 204. Give f(-55).
-71
Let s(w) = -22*w**2 - 187*w - 248. Give s(-7).
-17
Let y(p) = -128*p**2 + 20*p - 18. Determine y(1).
-126
Let v(i) = i**3 + 15*i**2 + 57*i + 2. Determine v(-9).
-25
Let s(z) = -116*z + 408. What is s(5)?
-172
Let x(a) = 2*a**2 - 196*a + 1605. Give x(9).
3
Let p(x) = -x**2 + 5*x + 3. Determine p(1).
7
Let i(s) = -5*s**2 - 91*s + 718. Calculate i(6).
-8
Let g(o) = -789*o**2 - 450*o - 451. Determine g(-1).
-790
Let f(l) = 987*l + 1997. Give f(-2).
23
Let h(f) = -f**3 + 4*f**2 + 7*f - 18. Give h(8).
-218
Let t(p) = p**3 - 3*p**2 + 4*p - 114. Determine t(6).
18
Let h(o) = -33*o + 619. Calculate h(22).
-107
Let b(n) = -2*n**2 + n + 42. Give b(-5).
-13
Let r(a) = -a**3 + 28*a**2 + 167*a - 60. What is r(33)?
6
Let j(i) = -78*i**2 - 78*i + 12. Determine j(-2).
-144
Let o(c) = -38*c + 2140. Give o(59).
-102
Let d(m) = 4*m - 219. What is d(-41)?
-383
Let j(b) = 17*b - 55. Calculate j(0).
-55
Let y(g) = -3*g**3 - 18*g**2 + 19*g - 4. Give y(-7).
10
Let h(z) = -z**3 + 13*z**2 - 17*z + 20. What is h(12)?
-40
Let c(l) = -17*l**3 + 254*l**2 + 5*l + 25. Determine c(15).
-125
Let y(u) = u**3 + 7*u**2 - 48*u - 344. Give y(-7).
-8
Let q(k) = k**3 - 50*k**2 + 622*k - 22. Determine q(23).
1
Let p(q) = 4*q**3 + 24*q**2 + 55*q + 172. Give p(-5).
-3
Let j(u) = -144*u - 1732. Calculate j(-11).
-148
Let z(o) = 81*o + 23. What is z(-1)?
-58
Let h(g) = -83*g - 793. Give h(-11).
120
Let t(j) = -j**3 - 42*j**2 - 152*j - 1. Calculate t(-38).
-1
Let j(i) = -1330*i - 6648. Give j(-5).
2
Let r(q) = 891*q - 1772. Calculate r(2).
10
Let o(j) = -j - 74. Give o(-14).
-60
Let b(d) = 2*d**2 - 33*d - 590. Give b(-11).
15
Let h(q) = -5*q**2 + 81*q - 201. Give h(12).
51
Let u(h) = 26*h - 625. Give u(25).
25
Let z(d) = -67*d - 4676. Calculate z(-70).
14
Let x(i) = -13*i + 78. What is x(5)?
13
Let s(r) = -4*r + 154. Give s(20).
74
Let i(x) = x**3 - 17*x**2 - 25*x + 35. What is i(18)?
-91
Let r(a) = -3*a**2 - 321*a - 2112. Give r(-100).
-12
Let g(h) = 6*h + 23. Calculate g(-5).
-7
Let y(d) = -3*d**2 - 334*d - 7055. What is y(-83)?
0
Let m(c) = -3*c**2 + 655*c - 1952. What is m(3)?
-14
Let q(j) = -j**3 - 7*j**2 + 258*j + 17. Give q(13).
-9
Let w(p) = p**2 + 39*p - 28. Calculate w(-17).
-402
Let u(j) = 3*j**2 + 39*j - 30. What is u(-14)?
12
Let q(i) = -i**2 - 127*i - 443. Give q(-123).
49
Let m(v) = v**3 - 32*v**2 + 215*v - 38. What is m(23)?
146
Let r(n) = -153*n - 1529. Calculate r(-10).
1
Let l(o) = -o**3 - 36*o**2 - 162*o - 194. Calculate l(-31).
23
Let w(y) = -y**3 - 43*y**2 - 160*y - 1607. Give w(-40).
-7
Let v(a) = a**3 - 3*a**2 - 35*a - 35. What is v(0)?
-35
Let h(i) = i**3 + 19*i**2 - 107*i - 879. Determine h(-5).
6
Let g(y) = -y**2 + 27*y + 714. Determine g(-17).
-34
Let p(h) = 2*h**3 + 5*h**2 - 50*h - 105. Determine p(-5).
20
Let u(l) = -l**3 + 15*l**2 + 32*l + 25. Calculate u(17).
-9
Let z(n) = 94*n**3 + 10*n**2 - 7*n + 2. Calculate z(1).
99
Let t(u) = -u**3 + 16*u**2 - 66*u + 124. Calculate t(11).
3
Let g(a) = -a**3 - 131*a**2 + 686*a + 783. What is g(-136)?
-33
Let u(k) = -k**3 + 6*k**2 - 142*k + 847. What is u(6)?
-5
Let l(a) = 55*a + 362. Determine l(-6).
32
Let p(m) = 67*m**3 + 12*m**2 - 9*m - 3. What is p(1)?
67
Let p(u) = 9*u - 498. Give p(55).
-3
Let q(u) = 11*u**2 - 187*u - 167. Calculate q(18).
31
Let l(f) = -90*f**3 + 4*f**2 + 120*f - 123. Calculate l(1).
-89
Let k(z) = 22*z + 29. Give k(-57).
-1225
Let m(y) = 23*y - 906. Calculate m(39).
-9
Let q(n) = 5*n**3 + n**2 + 126. Give q(0).
126
Let m(w) = 18*w + 1671. Determine m(-84).
159
Let s(c) = 6*c**2 + 18*c - 347. Calculate s(10).
433
Let o(a) = -a**3 - 24*a**2 - 79*a - 19. What is o(-4)?
-23
Let l(q) = -q**3 - 44*q**2 - 37*q + 132. Calculate l(-43).
-126
Let q(l) = 2*l**3 + 29*l**2 - 14*l + 10. Calculate q(-15).
-5
Let h(f) = -f**2 - 43*f + 1008. What is h(-60)?
-12
Let a(j) = -15*j + 85. What is a(6)?
-5
Let t(c) = 156*c - 841. Calculate t(5).
-61
Let r(u) = -36*u + 332. Give r(16).
-244
Let w(s) = 2*s**3 + 2*s**2 + 56*s - 428. What is w(0)?
-428
Let x(b) = b**3 - 4*b**2 + 106*b - 476. What is x(5)?
79
Let a(p) = -p**2 - 16*p - 159. Give a(-32).
-671
Let f(l) = 2*l**3 - 37*l**2 + 99*l - 1464. Calculate f(18).
-6
Let n(u) = 5*u**2 + 79*u + 623. Give n(-11).
359
Let l(c) = -85*c - 9447. Give l(-111).
-12
Let o(s) = -328*s + 17069. Give o(52).
13
Let j(q) = -543*q + 1620. Determine j(3).
-9
Let p(c) = c + 1033. What is p(-38)?
995
Let t(d) = d**3 - 4*d**2 - 45*d + 162. Determine t(7).
-6
Let d(u) = 180*u + 2162. Determine d(-12).
2
Let r(y) = 5*y**2 - 413*y + 659. Determine r(81).
11
Let p(v) = v**3 - 25*v**2 - 70*v - 29. Calculate p(-2).
3
Let d(n) = -5*n**2 + 253*n - 141. Calculate d(50).
9
Let j(d) = d**2 - 215*d + 1056. What is j(5)?
6
Let y(j) = -102*j + 508. Determine y(5).
-2
Let f(z) = 1259*z - 15103. What is f(12)?
5
Let g(h) = -h**3 - 31*h**2 - 207*h - 84. Calculate g(-9).
-3
Let z(v) = -45*v**2 + 92*v + 191. Calculate z(-2).
-173
Let n(k) = 8*k**3 + 58*k**2 + 14*k - 8. What is n(-7)?
-8
Let f(n) = 2*n**2 + 38*n - 195. Calculate f(-23).
-11
Let a(o) = -o**2 - 30*o - 19. Determine a(-26).
85
Let w(f) = 18*f + 167. Give w(-11).
-31
Let a(o) = 2*o**3 + 9*o**2 - 10*o + 13. Determine a(-9).
-626
Let q(u) = u**2 + 6*u - 36. What is q(5)?
19
Let q(a) = -2*a**3 + 8*a**2 - 2*a + 1. Determine q(4).
-7
Let m(f) = -868*f - 10429. Give m(-12).
-13
Let y(s) = s**3 - 11*s**2 - 16*s - 43. Calculate y(-4).
-219
Let d(x) = 4*x**3 + 265*x**2 + 66*x + 79. What is d(-66)?
79
Let d(m) = 35*m**3 - 10*m - 8. What is d(-1)?
-33
Let c(s) = s**2 - 39*s + 208. Calculate c(28).
-100
Let u(h) = 4131*h - 12381. Give u(3).
12
Let l(j) = -j**3 + 16*j**2 - 22*j + 380. What is l(15)?
275
Let h(b) = -44*b - 1369. Calculate h(-31).
-5
Let r(i) = -2*i**2 + 4*i + 459. Give r(16).
11
Let f(m) = 46*m - 3166. Calculate f(68).
-38
Let q(p) = p**2 + 24*p + 32. Give q(-20).
-48
Let d(l) = l**2 - 3*l - 34. Calculate d(16).
174
Let k(p) = -218*p + 19677. What is k(90)?
57
Let y(c) = c**3 - 8*c**2 - 11*c - 27. Give y(9).
-45
Let g(z) = z**2 + 196*z + 2449. Give g(-13).
70
Let z(n) = -2*n**2 + 195*n - 2258. Give z(84).
10
Let b(g) = 12*g - 131. Give b(-15).
-311
Let v(y) = 6*y**2 + 1081*y + 187. Give v(-180).
7
Let z(k) = -k + 26. Give z(-9).
35
Let n(h) = -h**3 + 128*h**2 + 115*h + 1777. Calculate n(129).
-29
Let c(t) = -9*t**2 + 51*t + 49. Give c(-1).
-11
Let d(u) = -u**3 + 43*u**2 - 5*u - 3168. Calculate d(41).
-11
Let i(a) = -a**2 - 69*a + 964. Give i(13).
-102
Let d(v) = -v**3 - 106*v**2 + 556*v - 13. Calculate d(5).
-8
Let u(m) = -13*m + 200. What is u(-4)?
252
Let o(g) = 4*g + 269. Calculate o(-34).
133
Let a(q) = -q**3 + 7*q**2 + 11*q - 10. Determine a(7).
67
Let a(l) = -94*l + 356. What is a(4)?
-20
Let x(w) = -w**3 + 6*w**2 - 14*w + 30. Give x(9).
-339
Let x(o) = -5*o + 45. Determine x(13).
-20
Let z(o) = 76*o**2 + 3265*o - 128. Calculate z(-43).
1
Let z(d) = -d**3 - 21*d**2 - 115*d - 154. What is z(-6)?
-4
Let h(j) = -4192*j + 25151. Give h(6).
-1
Let b(q) = -12*q + 115. What is b(5)?
55
Let s(i) = -1602*i - 1563. Give s(-1).
39
Let m(t) = -t**2 + 56*t + 565. What is m(65)?
-20
Let q(n) = 4*n**2 + 412*n + 1194. Calculate q(-3).
-6
Let d(t) = t**3 + 48*t**2 - 314*t - 63. Calculate d(6).
-3
Let l(c) = 4*c**2 - 23*c - 101. Give l(-4).
55
Let m(n) = -31*n - 71. Determine m(-4).
53
Let r(f) = -f**2 - 41*f - 96. What is r(-38)?
18
Let j(d) = -d**3 + 23*d**2 + 319*d - 13. Give j(-10).
97
Let h(v) = -2*v**2 - 6*v + 48. Give h(-11).
-128
Let z(w) = -w**2 + 2*w + 681. Calculate z(27).
6
Let x(n) = -2*n**3 - 14*n**2 + 11*n + 8. Calculate x(-9).
233
Let w(l) = l**3 + 22*l**2 + 3*l + 23. What is w(-22)?
-43
Let y(o) = -3*o**3 + 150*o**2 - 908*o + 16. Calculate y(7).
-19
Let h(d) = -147*d - 939. Calculate h(-6).
-57
Let j(q) = -q**3 + 2*q**2 - 54. What is j(-5)?
121
Let i(y) = -187*y - 2128. What is i(-11)?
-71
Let p(t) = 36*t + 343. Give p(-10).
-17
Let g(i) = 2*i**2 + 51*i + 349. What is g(-13)?
24
Let n(u) = u**3 + 3*u**2 - u + 99. What is n(0)?
99
Let c(t) = 103*t**2 + 287*t + 2. Give c(-3).
68
Let r(q) = -q**2 + 33*q + 277. Determine r(41).
-51
Let w(n) = -2*n**3 - 4*n**2 + 3*n - 7. Calculate w(-4).
45
Let o(c) = 50*c - 3604. Calculate o(72).
-4
L